497189 composite?
True
Is 166678 a composite number?
True
Is 30869 prime?
True
Is 2939 a prime number?
True
Is 29677 a composite number?
True
Is 6065 prime?
False
Is 5807 prime?
True
Is 6457 a composite number?
True
Is 367618 a prime number?
False
Is 22702 composite?
True
Is 24809 a composite number?
False
Is 20939 a prime number?
True
Is 517 a composite number?
True
Is 83633 composite?
True
Is 24127 a composite number?
True
Is 517 composite?
True
Is 2729 a prime number?
True
Is 1557749 composite?
True
Is 21377 a prime number?
True
Is 7121 prime?
True
Is 2999 composite?
False
Is 7529 a composite number?
False
Is 6385 a prime number?
False
Is 88463 a prime number?
True
Is 161081 a prime number?
False
Is 787 composite?
False
Is 663141 a prime number?
False
Is 2492509 a composite number?
False
Is 75547 a prime number?
False
Is 223543 a composite number?
False
Is 58217 a prime number?
True
Is 164471 a composite number?
False
Is 173413 a prime number?
False
Is 18829 composite?
True
Is 17023 a composite number?
True
Is 6743 a composite number?
True
Is 54719 a composite number?
True
Is 21269 a prime number?
True
Is 1847393 a composite number?
False
Is 42505 a prime number?
False
Is 166541 composite?
False
Is 71351 a composite number?
True
Is 16423 a prime number?
False
Is 63619 a composite number?
True
Is 324199 a prime number?
True
Is 828797 a prime number?
True
Is 102149 prime?
True
Is 1730561 composite?
True
Is 15191 a prime number?
False
Is 38515 a prime number?
False
Is 369071 a composite number?
False
Is 29989 a prime number?
True
Is 3593 prime?
True
Is 44777 prime?
True
Is 33179 prime?
True
Is 224699 prime?
True
Is 2921 a prime number?
False
Is 48695 a composite number?
True
Is 62547 a composite number?
True
Is 17807 composite?
False
Is 27923 composite?
True
Is 11071 a composite number?
False
Is 11017 a prime number?
False
Is 3787 prime?
False
Is 137091 a composite number?
True
Is 4003213 a prime number?
True
Is 7169 composite?
True
Is 67601 a prime number?
True
Is 21989 prime?
False
Is 655559 a composite number?
False
Is 521 a composite number?
False
Is 6533 composite?
True
Is 106837 prime?
False
Is 319 composite?
True
Is 14051 composite?
False
Is 262411 a prime number?
True
Is 74687 a prime number?
True
Is 23101 prime?
False
Is 219059 a prime number?
True
Is 767587 prime?
True
Is 12979 a composite number?
False
Is 82273 a prime number?
False
Is 22213 a composite number?
True
Is 2206 a prime number?
False
Is 14387 prime?
True
Is 76181 prime?
False
Is 4139 a prime number?
True
Is 742393 composite?
False
Is 1413371 a prime number?
True
Is 26591 prime?
True
Is 1151 a composite number?
False
Is 251917 a prime number?
True
Is 22391 prime?
True
Is 23327 a prime number?
True
Is 780991 a prime number?
True
Is 39541 prime?
True
Is 15986 a prime number?
False
Is 6163 composite?
False
Is 252131 a composite number?
True
Is 379363 composite?
True
Is 262103 a prime number?
True
Is 1147499 prime?
True
Is 8761 a prime number?
True
Is 33287 a prime number?
True
Is 23497 a composite number?
False
Is 9742 a composite number?
True
Is 2395 prime?
False
Is 4739 prime?
False
Is 1669693 a composite number?
True
Is 200339 a composite number?
True
Is 476803 a composite number?
False
Is 113933 prime?
True
Is 18229 composite?
False
Is 34549 composite?
False
Is 3899 a composite number?
True
Is 2099 composite?
False
Is 749393 composite?
False
Is 7829 composite?
False
Is 15481 prime?
False
Is 551 prime?
False
Is 2215 composite?
True
Is 413951 a composite number?
False
Is 54779 composite?
False
Is 91909 a prime number?
True
Is 3637 prime?
True
Is 6297 a prime number?
False
Is 13259 composite?
False
Is 20431 composite?
False
Is 30497 prime?
True
Is 341117 composite?
True
Is 94555 prime?
False
Is 518907 a composite number?
True
Is 798443 prime?
True
Is 49991 prime?
True
Is 326141 a prime number?
True
Is 7066 composite?
True
Is 779 composite?
True
Is 1070287 prime?
True
Is 25241 prime?
False
Is 17211 a composite number?
True
Is 2988782 composite?
True
Is 4703 a prime number?
True
Is 358369 a prime number?
False
Is 8419 prime?
True
Is 5923 a composite number?
False
Is 4391 a prime number?
True
Is 43037 a prime number?
True
Is 8207 a prime number?
False
Is 47213 a composite number?
True
Is 374705 prime?
False
Is 115637 composite?
False
Is 1151 prime?
True
Is 23483 prime?
False
Is 24031 composite?
True
Is 2038 a composite number?
True
Is 199331 a composite number?
True
Is 32909 a composite number?
False
Is 47933 a composite number?
False
Is 518827 a composite number?
True
Is 53719 a prime number?
True
Is 21001 a prime number?
True
Is 30227 composite?
True
Is 685819 a composite number?
False
Is 122857 a prime number?
False
Is 1529573 prime?
True
Is 13567 prime?
True
Is 1657 prime?
True
Is 2939 a prime number?
True
Is 84081 a prime number?
False
Is 1499 prime?
True
Is 68501 a prime number?
True
Is 10007 a prime number?
True
Is 2161 composite?
False
Is 42557 a prime number?
True
Is 55 a prime number?
False
Is 69517 a composite number?
True
Is 291869 prime?
True
Is 326786 a composite number?
True
Is 322511 composite?
True
Is 102439 composite?
True
Is 14163 a prime number?
False
Is 10807 a prime number?
False
Is 32329 composite?
True
Is 4009 prime?
False
Is 436147 prime?
True
Is 25417 composite?
True
Is 17194 a prime number?
False
Is 22027 a composite number?
False
Is 2637905 a prime number?
False
Is 275641 a prime number?
True
Is 2573 a composite number?
True
Is 143609 prime?
True
Is 99119 a composite number?
False
Is 4163 a prime number?
False
Is 41007 a composite number?
True
Is 53047 prime?
True
Is 2243 a composite number?
False
Is 146891 a prime number?
True
Is 542011 a prime number?
False
Is 68173 prime?
False
Is 13934 prime?
False
Is 39011 prime?
False
Is 1628507 a prime number?
True
Is 253307 a prime number?
True
Is 13217 a composite number?
False
Is 79582 a composite number?
True
Is 123853 composite?
False
Is 732787 a composite number?
True
Is 19403 a prime number?
True
Is 16729 composite?
False
Is 5623 composite?
False
Is 72019 a prime number?
True
Is 8081 prime?
True
Is 445663 a prime number?
False
Is 35831 a prime number?
True
Is 202121 a prime number?
True
Is 19441 a composite number?
False
Is 146193 composite?
True
Is 3333415 a composite number?
True
Is 131041 composite?
False
Is 102826 prime?
False
Is 441403 a prime number?
True
Is 6839 a prime number?
False
Is 56299 a prime number?
True
Is 700647 composite?
True
Is 5159261 composite?
False
Is 1768229 prime?
True
Is 6131 a composite number?
False
Is 6761 prime?
True
Is 1259 a prime number?
True
Is 81281 a composite number?
False
Is 10477 a composite number?
False
Is 1777 prime?
True
Is 18637 a composite number?
False
Is 48179 composite?
False
Is 11981 a prime number?
True
Is 755 composite?
True
Is 12689 a prime number?
True
Is 30909 a composite number?
True
Is 30337 composite?
True
Is 2599 composite?
True
Is 11669 a prime number?
False
Is 13441 composite?
False
Is 882761 prime?
False
Is 22307 a prime number?
True
Is 2275373 a composite number?
True
Is 10219 composite?
True
Is 252647 a prime number?
False
Is 813013 a composite number?
False
Is 290065 prime?
False
Is 1397 prime?
False
Is 7727 composite?
False
Is 134243 a prime number?
True
Is 1820983 a prime number?
True
Is 46301 a prime number?
True
Is 18499 prime?
False
Is 103193 a composite number?
True
Is 8903 a composite number?
True
Is 3433 composite?
False
Is 387641 composite?
False
Is 29917 composite?
False
Is 1924631 a prime number?
True
Is 235763 composite?
True
Is 220587 a prime number?
False
Is 4087 prime?
False
Is 32491 a prime number?
True
Is 18623 a prime number?
False
Is 285771 a prime number?
False
Is 467661 a prime number?
False
Is 30883 a composite number?
True
Is 690259 prime?
True
Is 11197 prime?
True
Is 1085269 prime?
True
Is 15971 composite?
False
Is 36061 a composite number?
False
Is 40643 prime?
False
Is 146841 prime?
False
Is 14777 a composite number?
True
Is 161 a composite number?
True
Is 267877 prime?
True
Is 1115911 prime?
True
Is 1772083 prime?
False
Is 150649 a composite number?
False
Is 27381 composite?
True
Is 24907 prime?
True
Is 323 prime?
False
Is 69313 composite?
False
Is 614591 prime?
False
Is 707 a composite number?
True
Is 488